{"id":311161,"date":"2024-12-09T16:09:30","date_gmt":"2024-12-09T13:09:30","guid":{"rendered":"https:\/\/aktion.fi\/?post_type=project&#038;p=311161"},"modified":"2025-01-03T17:01:32","modified_gmt":"2025-01-03T14:01:32","slug":"opintomatka-sardiniaan","status":"publish","type":"project","link":"https:\/\/aktion.fi\/fi\/project\/opintomatka-sardiniaan\/","title":{"rendered":"Opintomatka Sardiniaan 8.-11.4.2024"},"content":{"rendered":"<p>[et_pb_section fb_built=&#8221;1&#8243; module_id=&#8221;mbantp2&#8243; _builder_version=&#8221;4.22.1&#8243; _module_preset=&#8221;default&#8221; background_color=&#8221;#FFFFFF&#8221; background_image=&#8221;http:\/\/aktion.fi\/wp-content\/uploads\/2023\/10\/Aktion-osterbotten.jpg&#8221; module_alignment=&#8221;center&#8221; custom_padding=&#8221;6%|20%|6%|20%|true|true&#8221; saved_tabs=&#8221;all&#8221; locked=&#8221;off&#8221; global_colors_info=&#8221;{}&#8221; theme_builder_area=&#8221;post_content&#8221;][et_pb_row module_id=&#8221;brdcrms&#8221; _builder_version=&#8221;4.22.1&#8243; _module_preset=&#8221;default&#8221; global_colors_info=&#8221;{}&#8221; theme_builder_area=&#8221;post_content&#8221;][et_pb_column type=&#8221;4_4&#8243; _builder_version=&#8221;4.22.1&#8243; _module_preset=&#8221;default&#8221; global_colors_info=&#8221;{}&#8221; theme_builder_area=&#8221;post_content&#8221;][et_pb_text _builder_version=&#8221;4.22.1&#8243; _module_preset=&#8221;default&#8221; global_colors_info=&#8221;{}&#8221; theme_builder_area=&#8221;post_content&#8221;]<\/p>\n\t\t\t<!-- Flexy Breadcrumb -->\r\n\t\t\t<div class=\"fbc fbc-page\">\r\n\r\n\t\t\t\t<!-- Breadcrumb wrapper -->\r\n\t\t\t\t<div class=\"fbc-wrap\">\r\n\r\n\t\t\t\t\t<!-- Ordered list-->\r\n\t\t\t\t\t<ol class=\"fbc-items\" itemscope itemtype=\"https:\/\/schema.org\/BreadcrumbList\">\r\n\t\t\t\t\t\t            <li itemprop=\"itemListElement\" itemscope itemtype=\"https:\/\/schema.org\/ListItem\">\r\n                <span itemprop=\"name\">\r\n                    <!-- Home Link -->\r\n                    <a itemprop=\"item\" href=\"https:\/\/aktion.fi\">\r\n                    \r\n                                                    <i class=\"fa fa-home\" aria-hidden=\"true\"><\/i>Home                    <\/a>\r\n                <\/span>\r\n                <meta itemprop=\"position\" content=\"1\" \/><!-- Meta Position-->\r\n             <\/li><li><span class=\"fbc-separator\">\/<\/span><\/li><li class=\"active\" itemprop=\"itemListElement\" itemscope itemtype=\"https:\/\/schema.org\/ListItem\"><span itemprop=\"name\" title=\"Blogi\">Blogi<\/span><meta itemprop=\"position\" content=\"2\" \/><\/li>\t\t\t\t\t<\/ol>\r\n\t\t\t\t\t<div class=\"clearfix\"><\/div>\r\n\t\t\t\t<\/div>\r\n\t\t\t<\/div>\r\n\t\t\t\n<p>[\/et_pb_text][\/et_pb_column][\/et_pb_row][et_pb_row module_id=&#8221;inpghdng&#8221; _builder_version=&#8221;4.22.1&#8243; _module_preset=&#8221;default&#8221; global_colors_info=&#8221;{}&#8221; theme_builder_area=&#8221;post_content&#8221;][et_pb_column type=&#8221;4_4&#8243; _builder_version=&#8221;4.22.1&#8243; _module_preset=&#8221;default&#8221; global_colors_info=&#8221;{}&#8221; theme_builder_area=&#8221;post_content&#8221;][et_pb_text _builder_version=&#8221;4.22.1&#8243; _module_preset=&#8221;default&#8221; header_text_color=&#8221;#FFFFFF&#8221; header_font_size=&#8221;60px&#8221; header_font_size_tablet=&#8221;50px&#8221; header_font_size_phone=&#8221;40px&#8221; header_font_size_last_edited=&#8221;on|phone&#8221; header_text_shadow_style=&#8221;preset2&#8243; header_text_shadow_horizontal_length=&#8221;0.01em&#8221; header_text_shadow_vertical_length=&#8221;0.03em&#8221; global_colors_info=&#8221;{}&#8221; theme_builder_area=&#8221;post_content&#8221;]<\/p>\n<h1><span class=\"OYPEnA font-feature-liga-off font-feature-clig-off font-feature-calt-off text-decoration-none text-strikethrough-none\">OPINTOMATKA SARDINIAAN <\/span><span class=\"OYPEnA font-feature-liga-off font-feature-clig-off font-feature-calt-off text-decoration-none text-strikethrough-none\">8.-11.4.2024<\/span><\/h1>\n<p>[\/et_pb_text][\/et_pb_column][\/et_pb_row][\/et_pb_section][et_pb_section fb_built=&#8221;1&#8243; _builder_version=&#8221;4.22.1&#8243; _module_preset=&#8221;default&#8221; custom_padding=&#8221;80px||||false|false&#8221; locked=&#8221;off&#8221; global_colors_info=&#8221;{}&#8221; theme_builder_area=&#8221;post_content&#8221;][et_pb_row _builder_version=&#8221;4.27.4&#8243; _module_preset=&#8221;default&#8221; max_width=&#8221;980px&#8221; custom_padding=&#8221;0px||14px||false|false&#8221; hover_enabled=&#8221;0&#8243; border_style_all=&#8221;none&#8221; border_width_bottom=&#8221;2px&#8221; border_color_bottom=&#8221;#E3DCD5&#8243; locked=&#8221;off&#8221; global_colors_info=&#8221;{}&#8221; theme_builder_area=&#8221;post_content&#8221; sticky_enabled=&#8221;0&#8243;][et_pb_column type=&#8221;4_4&#8243; _builder_version=&#8221;4.22.1&#8243; _module_preset=&#8221;default&#8221; global_colors_info=&#8221;{}&#8221; theme_builder_area=&#8221;post_content&#8221;][et_pb_heading title=&#8221;OPINTOMATKA SARDINIAAN 8.-11.4.2024&#8243; _builder_version=&#8221;4.22.1&#8243; _module_preset=&#8221;default&#8221; global_colors_info=&#8221;{}&#8221; theme_builder_area=&#8221;post_content&#8221;][\/et_pb_heading][et_pb_text _builder_version=&#8221;4.27.4&#8243; _module_preset=&#8221;default&#8221; theme_builder_area=&#8221;post_content&#8221; hover_enabled=&#8221;0&#8243; sticky_enabled=&#8221;0&#8243;]<\/p>\n<p><span class=\"OYPEnA font-feature-liga-off font-feature-clig-off font-feature-calt-off text-decoration-none text-strikethrough-none\">Sardinian opintomatkalla saimme tutustua Italian ruoka- ja toimintakulttuuriin. <\/span>Opintomatkalla Sardiniaan 8.\u201311. huhtikuuta 2024 o<span class=\"OYPEnA font-feature-liga-off font-feature-clig-off font-feature-calt-off text-decoration-none text-strikethrough-none\">pimme ett\u00e4 ruoka on hyv\u00e4\u00e4 ja suunnitelmat joustavia.<\/span><\/p>\n<p>[\/et_pb_text][et_pb_image src=&#8221;https:\/\/aktion.fi\/wp-content\/uploads\/2024\/12\/Matriket-matkakertomukset.png&#8221; _builder_version=&#8221;4.27.4&#8243; _module_preset=&#8221;default&#8221; theme_builder_area=&#8221;post_content&#8221; title_text=&#8221;Matriket matkakertomukset&#8221; hover_enabled=&#8221;0&#8243; sticky_enabled=&#8221;0&#8243;][\/et_pb_image][et_pb_text _builder_version=&#8221;4.27.4&#8243; _module_preset=&#8221;default&#8221; theme_builder_area=&#8221;post_content&#8221; hover_enabled=&#8221;0&#8243; sticky_enabled=&#8221;0&#8243;]<\/p>\n<p>Vierailu alkoi Cagliarin Mercato Civico di San Benedetto -torilta, Italian suurimmalta katetulta torilta. Torilla tutustuimme Sardinian erikoisuuksiin, kuten lampaan- ja vuohenjuustoihin, fregola-pastaan sek\u00e4 paikallisiin vihanneksiin ja viineihin. Serramannassa vierailimme Bau Arena -tilalla, joka kasvattaa vihanneksia luomuperiaatteiden mukaan, vaikka tila on luopunut luomusertifikaatista markkinatilanteen ja kustannusten vuoksi. Tilalla kasvatetaan my\u00f6s Azinara-rotuisia sardinian aaseja. Tila on alkanut kasvattaa niit\u00e4, koska rotu on uhanalainen. Pienikokoisia aaseja on k\u00e4ytetty aiemmin tavaroiden kuljettamiseen, mutta nyky\u00e4\u00e4n niit\u00e4 hy\u00f6dynnet\u00e4\u00e4n my\u00f6s terapiak\u00e4ytt\u00f6\u00f6n.\u00a0<\/p>\n<p>[\/et_pb_text][et_pb_image src=&#8221;https:\/\/aktion.fi\/wp-content\/uploads\/2024\/12\/Matriket-matkakertomukset-1.png&#8221; _builder_version=&#8221;4.27.4&#8243; _module_preset=&#8221;default&#8221; theme_builder_area=&#8221;post_content&#8221; title_text=&#8221;Matriket matkakertomukset (1)&#8221; hover_enabled=&#8221;0&#8243; sticky_enabled=&#8221;0&#8243;][\/et_pb_image][et_pb_text _builder_version=&#8221;4.27.4&#8243; _module_preset=&#8221;default&#8221; theme_builder_area=&#8221;post_content&#8221; hover_enabled=&#8221;0&#8243; sticky_enabled=&#8221;0&#8243;]<\/p>\n<p>Lounaan j\u00e4lkeen vierailimme 27 Febbrario -nimisell\u00e4 tilalla Samassassa, joka on harjoittanut karjankasvatusta yli 40 vuotta. Matalien maidon ostohintojen vuoksi tila on siirtynyt maidontuotannosta korkealaatuisen lihan tuottamiseen. T\u00e4ll\u00e4 hetkell\u00e4 tila kasvattaa Black Angus -rotua, jota he tuovat Uruguaysta ja risteytt\u00e4v\u00e4t paikallisen rodun kanssa. Tavoitteena on saada laadukas ja saaren olosuhteisiin sopeutunut karja. P\u00e4iv\u00e4n p\u00e4\u00e4tteeksi osallistuimme viel\u00e4\u00a0BIO BOES -konferenssiin, jossa italialaiset is\u00e4nt\u00e4mme esitteliv\u00e4t kest\u00e4v\u00e4n kehityksen k\u00e4yt\u00e4nt\u00f6j\u00e4 ja lyhyiden toimitusketjujen muodostamista karjankasvatuksen alalla.\u00a0<\/p>\n<p>[\/et_pb_text][et_pb_image src=&#8221;https:\/\/aktion.fi\/wp-content\/uploads\/2024\/12\/Matriket-matkakertomukset-2.png&#8221; _builder_version=&#8221;4.27.4&#8243; _module_preset=&#8221;default&#8221; theme_builder_area=&#8221;post_content&#8221; title_text=&#8221;Matriket matkakertomukset (2)&#8221; hover_enabled=&#8221;0&#8243; sticky_enabled=&#8221;0&#8243;][\/et_pb_image][et_pb_text _builder_version=&#8221;4.27.4&#8243; _module_preset=&#8221;default&#8221; theme_builder_area=&#8221;post_content&#8221; hover_enabled=&#8221;0&#8243; sticky_enabled=&#8221;0&#8243;]<\/p>\n<p>Seuraavana p\u00e4iv\u00e4n\u00e4 siirryimme Seulon alueelle vuoristoon. Seulon kyl\u00e4ss\u00e4 Serva-tila keskittyy eettiseen sikojen kasvatukseen ja valmistaa perinteisi\u00e4 lihatuotteita, kuten kinkkua ja makkaraa. Seulo tunnetaan my\u00f6s yhten\u00e4 maailman &#8221;sinisist\u00e4 vy\u00f6hykkeist\u00e4&#8221;, joissa ihmiset el\u00e4v\u00e4t poikkeuksellisen pitk\u00e4\u00e4n yhteis\u00f6llisyyden ja terveellisen ruokavalion ansiosta.<\/p>\n<p>[\/et_pb_text][et_pb_image src=&#8221;https:\/\/aktion.fi\/wp-content\/uploads\/2024\/12\/Matriket-matkakertomukset-3.png&#8221; _builder_version=&#8221;4.27.4&#8243; _module_preset=&#8221;default&#8221; theme_builder_area=&#8221;post_content&#8221; title_text=&#8221;Matriket matkakertomukset (3)&#8221; hover_enabled=&#8221;0&#8243; sticky_enabled=&#8221;0&#8243;][\/et_pb_image][et_pb_text _builder_version=&#8221;4.27.4&#8243; _module_preset=&#8221;default&#8221; theme_builder_area=&#8221;post_content&#8221; hover_enabled=&#8221;0&#8243; sticky_enabled=&#8221;0&#8243;]<\/p>\n<p>Matka huipentui perinteiseen illalliseen Miramonti Seulo Turismo Rurale -hotellissa, jossa nautimme paikallisista raaka-aineista valmistettuja herkkuja.<\/p>\n<p>&nbsp;<\/p>\n<p>[\/et_pb_text][\/et_pb_column][\/et_pb_row][\/et_pb_section]<\/p>\n","protected":false},"excerpt":{"rendered":"<p>\t\t\t<!-- Flexy Breadcrumb -->\r\n\t\t\t<div class=\"fbc fbc-page\">\r\n\r\n\t\t\t\t<!-- Breadcrumb wrapper -->\r\n\t\t\t\t<div class=\"fbc-wrap\">\r\n\r\n\t\t\t\t\t<!-- Ordered list-->\r\n\t\t\t\t\t<ol class=\"fbc-items\" itemscope itemtype=\"https:\/\/schema.org\/BreadcrumbList\">\r\n\t\t\t\t\t\t            <li itemprop=\"itemListElement\" itemscope itemtype=\"https:\/\/schema.org\/ListItem\">\r\n                <span itemprop=\"name\">\r\n                    <!-- Home Link -->\r\n                    <a itemprop=\"item\" href=\"https:\/\/aktion.fi\">\r\n                    \r\n                                                    <i class=\"fa fa-home\" aria-hidden=\"true\"><\/i>Home                    <\/a>\r\n                <\/span>\r\n                <meta itemprop=\"position\" content=\"1\" \/><!-- Meta Position-->\r\n             <\/li><li><span class=\"fbc-separator\">\/<\/span><\/li><li class=\"active\" itemprop=\"itemListElement\" itemscope itemtype=\"https:\/\/schema.org\/ListItem\"><span itemprop=\"name\" title=\"Blogi\">Blogi<\/span><meta itemprop=\"position\" content=\"2\" \/><\/li>\t\t\t\t\t<\/ol>\r\n\t\t\t\t\t<div class=\"clearfix\"><\/div>\r\n\t\t\t\t<\/div>\r\n\t\t\t<\/div>\r\n\t\t\tOPINTOMATKA SARDINIAAN 8.-11.4.2024Sardinian opintomatkalla saimme tutustua Italian ruoka- ja toimintakulttuuriin. Opintomatkalla Sardiniaan 8.\u201311. huhtikuuta 2024 opimme ett\u00e4 ruoka on hyv\u00e4\u00e4 ja suunnitelmat joustavia.Vierailu alkoi Cagliarin Mercato Civico di San Benedetto [&hellip;]<\/p>\n","protected":false},"author":3,"featured_media":310931,"template":"","meta":{"_acf_changed":false,"_et_pb_use_builder":"on","_et_pb_old_content":"","_et_gb_content_width":"","footnotes":""},"project_category":[203],"project_tag":[],"class_list":["post-311161","project","type-project","status-publish","has-post-thumbnail","hentry","project_category-italia"],"acf":[],"_links":{"self":[{"href":"https:\/\/aktion.fi\/fi\/wp-json\/wp\/v2\/project\/311161","targetHints":{"allow":["GET"]}}],"collection":[{"href":"https:\/\/aktion.fi\/fi\/wp-json\/wp\/v2\/project"}],"about":[{"href":"https:\/\/aktion.fi\/fi\/wp-json\/wp\/v2\/types\/project"}],"author":[{"embeddable":true,"href":"https:\/\/aktion.fi\/fi\/wp-json\/wp\/v2\/users\/3"}],"version-history":[{"count":6,"href":"https:\/\/aktion.fi\/fi\/wp-json\/wp\/v2\/project\/311161\/revisions"}],"predecessor-version":[{"id":311377,"href":"https:\/\/aktion.fi\/fi\/wp-json\/wp\/v2\/project\/311161\/revisions\/311377"}],"wp:featuredmedia":[{"embeddable":true,"href":"https:\/\/aktion.fi\/fi\/wp-json\/wp\/v2\/media\/310931"}],"wp:attachment":[{"href":"https:\/\/aktion.fi\/fi\/wp-json\/wp\/v2\/media?parent=311161"}],"wp:term":[{"taxonomy":"project_category","embeddable":true,"href":"https:\/\/aktion.fi\/fi\/wp-json\/wp\/v2\/project_category?post=311161"},{"taxonomy":"project_tag","embeddable":true,"href":"https:\/\/aktion.fi\/fi\/wp-json\/wp\/v2\/project_tag?post=311161"}],"curies":[{"name":"wp","href":"https:\/\/api.w.org\/{rel}","templated":true}]}}

<p>[et_pb_section fb_built=&#8221;1&#8243; module_id=&#8221;mbantp2&#8243; _builder_version=&#8221;4.22.1&#8243; _module_preset=&#8221;default&#8221; background_color=&#8221;#FFFFFF&#8221; background_image=&#8221;http://aktion.fi/wp-content/uploads/2023/10/Aktion-osterbotten.jpg&#8221; module_alignment=&#8221;center&#8221; custom_padding=&#8221;6%|20%|6%|20%|true|true&#8221; saved_tabs=&#8221;all&#8221; locked=&#8221;off&#8221; global_colors_info=&#8221;{}&#8221; theme_builder_area=&#8221;post_content&#8221;][et_pb_row module_id=&#8221;brdcrms&#8221; _builder_version=&#8221;4.22.1&#8243; _module_preset=&#8221;default&#8221; global_colors_info=&#8221;{}&#8221; theme_builder_area=&#8221;post_content&#8221;][et_pb_column type=&#8221;4_4&#8243; _builder_version=&#8221;4.22.1&#8243; _module_preset=&#8221;default&#8221; global_colors_info=&#8221;{}&#8221; theme_builder_area=&#8221;post_content&#8221;][et_pb_text _builder_version=&#8221;4.22.1&#8243; _module_preset=&#8221;default&#8221; global_colors_info=&#8221;{}&#8221; theme_builder_area=&#8221;post_content&#8221;]</p>
			<!-- Flexy Breadcrumb -->
			<div class="fbc fbc-page">

				<!-- Breadcrumb wrapper -->
				<div class="fbc-wrap">

					<!-- Ordered list-->
					<ol class="fbc-items" itemscope itemtype="https://schema.org/BreadcrumbList">
						            <li itemprop="itemListElement" itemscope itemtype="https://schema.org/ListItem">
                <span itemprop="name">
                    <!-- Home Link -->
                    <a itemprop="item" href="https://aktion.fi">
                    
                                                    <i class="fa fa-home" aria-hidden="true"></i>Home                    </a>
                </span>
                <meta itemprop="position" content="1" /><!-- Meta Position-->
             </li><li><span class="fbc-separator">/</span></li><li class="active" itemprop="itemListElement" itemscope itemtype="https://schema.org/ListItem"><span itemprop="name" title="Blogi">Blogi</span><meta itemprop="position" content="2" /></li>					</ol>
					<div class="clearfix"></div>
				</div>
			</div>
			
<p>[/et_pb_text][/et_pb_column][/et_pb_row][et_pb_row module_id=&#8221;inpghdng&#8221; _builder_version=&#8221;4.22.1&#8243; _module_preset=&#8221;default&#8221; global_colors_info=&#8221;{}&#8221; theme_builder_area=&#8221;post_content&#8221;][et_pb_column type=&#8221;4_4&#8243; _builder_version=&#8221;4.22.1&#8243; _module_preset=&#8221;default&#8221; global_colors_info=&#8221;{}&#8221; theme_builder_area=&#8221;post_content&#8221;][et_pb_text _builder_version=&#8221;4.22.1&#8243; _module_preset=&#8221;default&#8221; header_text_color=&#8221;#FFFFFF&#8221; header_font_size=&#8221;60px&#8221; header_font_size_tablet=&#8221;50px&#8221; header_font_size_phone=&#8221;40px&#8221; header_font_size_last_edited=&#8221;on|phone&#8221; header_text_shadow_style=&#8221;preset2&#8243; header_text_shadow_horizontal_length=&#8221;0.01em&#8221; header_text_shadow_vertical_length=&#8221;0.03em&#8221; global_colors_info=&#8221;{}&#8221; theme_builder_area=&#8221;post_content&#8221;]</p>
<h1><span class="OYPEnA font-feature-liga-off font-feature-clig-off font-feature-calt-off text-decoration-none text-strikethrough-none">OPINTOMATKA SARDINIAAN </span><span class="OYPEnA font-feature-liga-off font-feature-clig-off font-feature-calt-off text-decoration-none text-strikethrough-none">8.-11.4.2024</span></h1>
<p>[/et_pb_text][/et_pb_column][/et_pb_row][/et_pb_section][et_pb_section fb_built=&#8221;1&#8243; _builder_version=&#8221;4.22.1&#8243; _module_preset=&#8221;default&#8221; custom_padding=&#8221;80px||||false|false&#8221; locked=&#8221;off&#8221; global_colors_info=&#8221;{}&#8221; theme_builder_area=&#8221;post_content&#8221;][et_pb_row _builder_version=&#8221;4.27.4&#8243; _module_preset=&#8221;default&#8221; max_width=&#8221;980px&#8221; custom_padding=&#8221;0px||14px||false|false&#8221; hover_enabled=&#8221;0&#8243; border_style_all=&#8221;none&#8221; border_width_bottom=&#8221;2px&#8221; border_color_bottom=&#8221;#E3DCD5&#8243; locked=&#8221;off&#8221; global_colors_info=&#8221;{}&#8221; theme_builder_area=&#8221;post_content&#8221; sticky_enabled=&#8221;0&#8243;][et_pb_column type=&#8221;4_4&#8243; _builder_version=&#8221;4.22.1&#8243; _module_preset=&#8221;default&#8221; global_colors_info=&#8221;{}&#8221; theme_builder_area=&#8221;post_content&#8221;][et_pb_heading title=&#8221;OPINTOMATKA SARDINIAAN 8.-11.4.2024&#8243; _builder_version=&#8221;4.22.1&#8243; _module_preset=&#8221;default&#8221; global_colors_info=&#8221;{}&#8221; theme_builder_area=&#8221;post_content&#8221;][/et_pb_heading][et_pb_text _builder_version=&#8221;4.27.4&#8243; _module_preset=&#8221;default&#8221; theme_builder_area=&#8221;post_content&#8221; hover_enabled=&#8221;0&#8243; sticky_enabled=&#8221;0&#8243;]</p>
<p><span class="OYPEnA font-feature-liga-off font-feature-clig-off font-feature-calt-off text-decoration-none text-strikethrough-none">Sardinian opintomatkalla saimme tutustua Italian ruoka- ja toimintakulttuuriin. </span>Opintomatkalla Sardiniaan 8.–11. huhtikuuta 2024 o<span class="OYPEnA font-feature-liga-off font-feature-clig-off font-feature-calt-off text-decoration-none text-strikethrough-none">pimme että ruoka on hyvää ja suunnitelmat joustavia.</span></p>
<p>[/et_pb_text][et_pb_image src=&#8221;https://aktion.fi/wp-content/uploads/2024/12/Matriket-matkakertomukset.png&#8221; _builder_version=&#8221;4.27.4&#8243; _module_preset=&#8221;default&#8221; theme_builder_area=&#8221;post_content&#8221; title_text=&#8221;Matriket matkakertomukset&#8221; hover_enabled=&#8221;0&#8243; sticky_enabled=&#8221;0&#8243;][/et_pb_image][et_pb_text _builder_version=&#8221;4.27.4&#8243; _module_preset=&#8221;default&#8221; theme_builder_area=&#8221;post_content&#8221; hover_enabled=&#8221;0&#8243; sticky_enabled=&#8221;0&#8243;]</p>
<p>Vierailu alkoi Cagliarin Mercato Civico di San Benedetto -torilta, Italian suurimmalta katetulta torilta. Torilla tutustuimme Sardinian erikoisuuksiin, kuten lampaan- ja vuohenjuustoihin, fregola-pastaan sekä paikallisiin vihanneksiin ja viineihin. Serramannassa vierailimme Bau Arena -tilalla, joka kasvattaa vihanneksia luomuperiaatteiden mukaan, vaikka tila on luopunut luomusertifikaatista markkinatilanteen ja kustannusten vuoksi. Tilalla kasvatetaan myös Azinara-rotuisia sardinian aaseja. Tila on alkanut kasvattaa niitä, koska rotu on uhanalainen. Pienikokoisia aaseja on käytetty aiemmin tavaroiden kuljettamiseen, mutta nykyään niitä hyödynnetään myös terapiakäyttöön. </p>
<p>[/et_pb_text][et_pb_image src=&#8221;https://aktion.fi/wp-content/uploads/2024/12/Matriket-matkakertomukset-1.png&#8221; _builder_version=&#8221;4.27.4&#8243; _module_preset=&#8221;default&#8221; theme_builder_area=&#8221;post_content&#8221; title_text=&#8221;Matriket matkakertomukset (1)&#8221; hover_enabled=&#8221;0&#8243; sticky_enabled=&#8221;0&#8243;][/et_pb_image][et_pb_text _builder_version=&#8221;4.27.4&#8243; _module_preset=&#8221;default&#8221; theme_builder_area=&#8221;post_content&#8221; hover_enabled=&#8221;0&#8243; sticky_enabled=&#8221;0&#8243;]</p>
<p>Lounaan jälkeen vierailimme 27 Febbrario -nimisellä tilalla Samassassa, joka on harjoittanut karjankasvatusta yli 40 vuotta. Matalien maidon ostohintojen vuoksi tila on siirtynyt maidontuotannosta korkealaatuisen lihan tuottamiseen. Tällä hetkellä tila kasvattaa Black Angus -rotua, jota he tuovat Uruguaysta ja risteyttävät paikallisen rodun kanssa. Tavoitteena on saada laadukas ja saaren olosuhteisiin sopeutunut karja. Päivän päätteeksi osallistuimme vielä BIO BOES -konferenssiin, jossa italialaiset isäntämme esittelivät kestävän kehityksen käytäntöjä ja lyhyiden toimitusketjujen muodostamista karjankasvatuksen alalla. </p>
<p>[/et_pb_text][et_pb_image src=&#8221;https://aktion.fi/wp-content/uploads/2024/12/Matriket-matkakertomukset-2.png&#8221; _builder_version=&#8221;4.27.4&#8243; _module_preset=&#8221;default&#8221; theme_builder_area=&#8221;post_content&#8221; title_text=&#8221;Matriket matkakertomukset (2)&#8221; hover_enabled=&#8221;0&#8243; sticky_enabled=&#8221;0&#8243;][/et_pb_image][et_pb_text _builder_version=&#8221;4.27.4&#8243; _module_preset=&#8221;default&#8221; theme_builder_area=&#8221;post_content&#8221; hover_enabled=&#8221;0&#8243; sticky_enabled=&#8221;0&#8243;]</p>
<p>Seuraavana päivänä siirryimme Seulon alueelle vuoristoon. Seulon kylässä Serva-tila keskittyy eettiseen sikojen kasvatukseen ja valmistaa perinteisiä lihatuotteita, kuten kinkkua ja makkaraa. Seulo tunnetaan myös yhtenä maailman &#8221;sinisistä vyöhykkeistä&#8221;, joissa ihmiset elävät poikkeuksellisen pitkään yhteisöllisyyden ja terveellisen ruokavalion ansiosta.</p>
<p>[/et_pb_text][et_pb_image src=&#8221;https://aktion.fi/wp-content/uploads/2024/12/Matriket-matkakertomukset-3.png&#8221; _builder_version=&#8221;4.27.4&#8243; _module_preset=&#8221;default&#8221; theme_builder_area=&#8221;post_content&#8221; title_text=&#8221;Matriket matkakertomukset (3)&#8221; hover_enabled=&#8221;0&#8243; sticky_enabled=&#8221;0&#8243;][/et_pb_image][et_pb_text _builder_version=&#8221;4.27.4&#8243; _module_preset=&#8221;default&#8221; theme_builder_area=&#8221;post_content&#8221; hover_enabled=&#8221;0&#8243; sticky_enabled=&#8221;0&#8243;]</p>
<p>Matka huipentui perinteiseen illalliseen Miramonti Seulo Turismo Rurale -hotellissa, jossa nautimme paikallisista raaka-aineista valmistettuja herkkuja.</p>
<p>&nbsp;</p>
<p>[/et_pb_text][/et_pb_column][/et_pb_row][/et_pb_section]</p>

<p>			<!-- Flexy Breadcrumb -->
			<div class="fbc fbc-page">

				<!-- Breadcrumb wrapper -->
				<div class="fbc-wrap">

					<!-- Ordered list-->
					<ol class="fbc-items" itemscope itemtype="https://schema.org/BreadcrumbList">
						            <li itemprop="itemListElement" itemscope itemtype="https://schema.org/ListItem">
                <span itemprop="name">
                    <!-- Home Link -->
                    <a itemprop="item" href="https://aktion.fi">
                    
                                                    <i class="fa fa-home" aria-hidden="true"></i>Home                    </a>
                </span>
                <meta itemprop="position" content="1" /><!-- Meta Position-->
             </li><li><span class="fbc-separator">/</span></li><li class="active" itemprop="itemListElement" itemscope itemtype="https://schema.org/ListItem"><span itemprop="name" title="Blogi">Blogi</span><meta itemprop="position" content="2" /></li>					</ol>
					<div class="clearfix"></div>
				</div>
			</div>
			OPINTOMATKA SARDINIAAN 8.-11.4.2024Sardinian opintomatkalla saimme tutustua Italian ruoka- ja toimintakulttuuriin. Opintomatkalla Sardiniaan 8.–11. huhtikuuta 2024 opimme että ruoka on hyvää ja suunnitelmat joustavia.Vierailu alkoi Cagliarin Mercato Civico di San Benedetto [&hellip;]</p>
