{"id":312806,"date":"2025-12-01T10:06:16","date_gmt":"2025-12-01T07:06:16","guid":{"rendered":"https:\/\/aktion.fi\/event\/virtuaaliset-maaseutuilijat-joulukahvit-9-12-2025-14-15\/"},"modified":"2025-12-01T10:13:20","modified_gmt":"2025-12-01T07:13:20","slug":"virtuaaliset-maaseutuilijat-joulukahvit-9-12-2025-14-15","status":"publish","type":"tribe_events","link":"https:\/\/aktion.fi\/fi\/event\/virtuaaliset-maaseutuilijat-joulukahvit-9-12-2025-14-15\/","title":{"rendered":"Virtuaaliset Maaseutuilijat Joulukahvit 9.12.2025 14 \u2013 15"},"content":{"rendered":"<p>Haluaisiko yhdistyksenne tai organisaationne j\u00e4rjest\u00e4\u00e4 tapahtumia entist\u00e4 kest\u00e4v\u00e4mm\u00e4ll\u00e4 tavalla, mutta ette oikein tied\u00e4 mist\u00e4 aloittaa?<br \/>\nOlette l\u00e4mpim\u00e4sti tervetulleita virtuaaliseen JulFika med Landsbyggare -webinaariin 9.12.2025 14 &#8211; 15!<\/p>\n<p><strong>N\u00e4in p\u00e4\u00e4set alkuun kest\u00e4viss\u00e4 tapahtumissa \u2013 Uusi vuosi, uudet mahdollisuudet<\/strong><\/p>\n<p>Tunnin mittaisessa, rennossa webinaarissa k\u00e4ymme l\u00e4pi helppoja ja k\u00e4yt\u00e4nn\u00f6llisi\u00e4 tapoja aloittaa tapahtumien kest\u00e4vyyden kehitt\u00e4minen. Mit\u00e4\u00e4n ennakkotietoja ei tarvita, pienill\u00e4kin teoilla p\u00e4\u00e4see pitk\u00e4lle.<\/p>\n<p>Webinaarissa k\u00e4sitell\u00e4\u00e4n mm.:<\/p>\n<ul>\n<li>konkreettisia ja helposti toteutettavia toimia<\/li>\n<li>fiksuja yhteisty\u00f6muotoja, jotka s\u00e4\u00e4st\u00e4v\u00e4t aikaa ja resursseja<\/li>\n<li>fiksuja yhteisty\u00f6muotoja, jotka s\u00e4\u00e4st\u00e4v\u00e4t aikaa ja resursseja<\/li>\n<li>miten kest\u00e4vyys voi helpottaa tapahtumien suunnittelua<\/li>\n<\/ul>\n<p>&nbsp;<\/p>\n<p>Liity mukaan suoraan t\u00e4st\u00e4 linkist\u00e4: <a href=\"https:\/\/teams.microsoft.com\/l\/meetup-join\/19%3ameeting_MGYxNjE0NjctMmRhYy00NTczLWE3MTMtYTBjZTkzMTkyNzhk%40thread.v2\/0?context=%7b%22Tid%22%3a%225f89f00e-0c62-4390-8b45-e815a82bf997%22%2c%22Oid%22%3a%2298bd737a-c13e-4f89-a13d-e89672119206%22%7d\">TEAMS<\/a><\/p>\n<p>Voit mielell\u00e4\u00e4n v\u00e4litt\u00e4\u00e4 kutsua eteenp\u00e4in omissa verkostoissasi \u2013 mit\u00e4 useampi innostuu, sen parempi!<\/p>\n","protected":false},"excerpt":{"rendered":"<p>Tervetuloa maaseutuilijat-webinaariin 9.12.2025 klo 14\u201315<br \/>\nTeema: Kest\u00e4v\u00e4t tapahtumat \u2013 Uusi vuosi, uudet mahdollisuudet <\/p>\n","protected":false},"author":22,"featured_media":312807,"template":"","meta":{"_acf_changed":false,"_et_pb_use_builder":"","_et_pb_old_content":"","_et_gb_content_width":"","_tribe_events_status":"","_tribe_events_status_reason":"","footnotes":""},"tags":[],"tribe_events_cat":[259],"class_list":["post-312806","tribe_events","type-tribe_events","status-publish","has-post-thumbnail","hentry","tribe_events_cat-maaseutuilijat","cat_maaseutuilijat"],"acf":[],"_links":{"self":[{"href":"https:\/\/aktion.fi\/fi\/wp-json\/wp\/v2\/tribe_events\/312806","targetHints":{"allow":["GET"]}}],"collection":[{"href":"https:\/\/aktion.fi\/fi\/wp-json\/wp\/v2\/tribe_events"}],"about":[{"href":"https:\/\/aktion.fi\/fi\/wp-json\/wp\/v2\/types\/tribe_events"}],"author":[{"embeddable":true,"href":"https:\/\/aktion.fi\/fi\/wp-json\/wp\/v2\/users\/22"}],"version-history":[{"count":1,"href":"https:\/\/aktion.fi\/fi\/wp-json\/wp\/v2\/tribe_events\/312806\/revisions"}],"predecessor-version":[{"id":312810,"href":"https:\/\/aktion.fi\/fi\/wp-json\/wp\/v2\/tribe_events\/312806\/revisions\/312810"}],"wp:featuredmedia":[{"embeddable":true,"href":"https:\/\/aktion.fi\/fi\/wp-json\/wp\/v2\/media\/312807"}],"wp:attachment":[{"href":"https:\/\/aktion.fi\/fi\/wp-json\/wp\/v2\/media?parent=312806"}],"wp:term":[{"taxonomy":"post_tag","embeddable":true,"href":"https:\/\/aktion.fi\/fi\/wp-json\/wp\/v2\/tags?post=312806"},{"taxonomy":"tribe_events_cat","embeddable":true,"href":"https:\/\/aktion.fi\/fi\/wp-json\/wp\/v2\/tribe_events_cat?post=312806"}],"curies":[{"name":"wp","href":"https:\/\/api.w.org\/{rel}","templated":true}]}}

<p>Haluaisiko yhdistyksenne tai organisaationne järjestää tapahtumia entistä kestävämmällä tavalla, mutta ette oikein tiedä mistä aloittaa?<br />
Olette lämpimästi tervetulleita virtuaaliseen JulFika med Landsbyggare -webinaariin 9.12.2025 14 &#8211; 15!</p>
<p><strong>Näin pääset alkuun kestävissä tapahtumissa – Uusi vuosi, uudet mahdollisuudet</strong></p>
<p>Tunnin mittaisessa, rennossa webinaarissa käymme läpi helppoja ja käytännöllisiä tapoja aloittaa tapahtumien kestävyyden kehittäminen. Mitään ennakkotietoja ei tarvita, pienilläkin teoilla pääsee pitkälle.</p>
<p>Webinaarissa käsitellään mm.:</p>
<ul>
<li>konkreettisia ja helposti toteutettavia toimia</li>
<li>fiksuja yhteistyömuotoja, jotka säästävät aikaa ja resursseja</li>
<li>fiksuja yhteistyömuotoja, jotka säästävät aikaa ja resursseja</li>
<li>miten kestävyys voi helpottaa tapahtumien suunnittelua</li>
</ul>
<p>&nbsp;</p>
<p>Liity mukaan suoraan tästä linkistä: <a href="https://teams.microsoft.com/l/meetup-join/19%3ameeting_MGYxNjE0NjctMmRhYy00NTczLWE3MTMtYTBjZTkzMTkyNzhk%40thread.v2/0?context=%7b%22Tid%22%3a%225f89f00e-0c62-4390-8b45-e815a82bf997%22%2c%22Oid%22%3a%2298bd737a-c13e-4f89-a13d-e89672119206%22%7d">TEAMS</a></p>
<p>Voit mielellään välittää kutsua eteenpäin omissa verkostoissasi – mitä useampi innostuu, sen parempi!</p>

<p>Tervetuloa maaseutuilijat-webinaariin 9.12.2025 klo 14–15<br />
Teema: Kestävät tapahtumat – Uusi vuosi, uudet mahdollisuudet </p>
